{"id":26,"date":"2020-02-09T11:10:53","date_gmt":"2020-02-09T10:10:53","guid":{"rendered":"http:\/\/foximo.pl\/?page_id=26"},"modified":"2020-08-03T11:24:20","modified_gmt":"2020-08-03T09:24:20","slug":"rozwiazania","status":"publish","type":"page","link":"https:\/\/foximo.pl\/index.php\/rozwiazania\/","title":{"rendered":"Rozwi\u0105zania"},"content":{"rendered":"\n<p>Foximo dostarcza klientom najbardziej zaawansowane rozwi\u0105zania sieciowe oraz rozwi\u0105zania technologiczne z obszaru bezpiecze\u0144stwa IT. Wsp\u00f3\u0142pracujemy z najlepszymi producentami, aby zapewni\u0107 kompleksowe, niezawodne, zintegrowane i wydajne rozwi\u0105zania swoim klientom.<\/p>\n\n\n\n<p>Zapoznaj si\u0119 z naszym portfolio:<\/p>\n\n\n\n<div class=\"su-animate\" style=\"opacity:0;-webkit-animation-duration:3s;-webkit-animation-delay:0.1s;animation-duration:3s;animation-delay:0.1s;\" data-animation=\"bounceIn\" data-duration=\"3\" data-delay=\"0.1\">\n\n\n<table style=\"width: 100%; border-collapse: collapse; border-style: hidden;\">\n<tbody>\n<tr>\n<td style=\"width: 50%; border-style: hidden; text-align: center;\"><strong><a href=\"https:\/\/foximo.pl\/index.php\/rozwiazania-sieciowe\/\" data-rich-text-format-boundary=\"true\">ROZWI\u0104ZANIA SIECIOWE<\/a><\/strong><\/td>\n<td style=\"width: 50%; border-style: hidden; text-align: center;\"><strong><a href=\"https:\/\/foximo.pl\/index.php\/rozwiazania-bezpieczenstwa\/\" data-rich-text-format-boundary=\"true\">ROZWI\u0104ZANIA BEZPIECZE\u0143STWA<\/a><\/strong><\/td>\n<\/tr>\n<tr>\n<td style=\"width: 50%; border-style: hidden;\">\n<p><a href=\"https:\/\/foximo.pl\/index.php\/rozwiazania-sieciowe\/\"><img loading=\"lazy\" decoding=\"async\" src=\"https:\/\/foximo.pl\/wp-content\/uploads\/2020\/04\/network-foximo-2-rozwiazania2-300x277.jpg\" alt=\"\" width=\"300\" height=\"277\" class=\"aligncenter wp-image-278 size-medium\" srcset=\"https:\/\/foximo.pl\/wp-content\/uploads\/2020\/04\/network-foximo-2-rozwiazania2-300x277.jpg 300w, https:\/\/foximo.pl\/wp-content\/uploads\/2020\/04\/network-foximo-2-rozwiazania2.jpg 700w\" sizes=\"auto, (max-width: 300px) 100vw, 300px\" \/><\/a><\/p>\n<\/td>\n<td style=\"width: 50%; border-style: hidden;\"><a href=\"https:\/\/foximo.pl\/index.php\/rozwiazania-bezpieczenstwa\/\"><img loading=\"lazy\" decoding=\"async\" src=\"https:\/\/foximo.pl\/wp-content\/uploads\/2020\/04\/security-foximo-2-rozwiazania1-300x277.jpg\" alt=\"\" width=\"300\" height=\"277\" class=\"aligncenter wp-image-279 size-medium\" srcset=\"https:\/\/foximo.pl\/wp-content\/uploads\/2020\/04\/security-foximo-2-rozwiazania1-300x277.jpg 300w, https:\/\/foximo.pl\/wp-content\/uploads\/2020\/04\/security-foximo-2-rozwiazania1.jpg 700w\" sizes=\"auto, (max-width: 300px) 100vw, 300px\" \/><\/a><\/td>\n<\/tr>\n<\/tbody>\n<\/table>\n\n\n<\/div>\n","protected":false},"excerpt":{"rendered":"<p>Foximo dostarcza klientom najbardziej zaawansowane rozwi\u0105zania sieciowe oraz rozwi\u0105zania technologiczne z obszaru bezpiecze\u0144stwa IT. Wsp\u00f3\u0142pracujemy z najlepszymi producentami, aby zapewni\u0107 kompleksowe, niezawodne, zintegrowane i wydajne rozwi\u0105zania swoim klientom. Zapoznaj si\u0119 z naszym portfolio:<\/p>\n","protected":false},"author":1,"featured_media":0,"parent":0,"menu_order":0,"comment_status":"closed","ping_status":"closed","template":"","meta":{"footnotes":""},"class_list":["post-26","page","type-page","status-publish","hentry"],"_links":{"self":[{"href":"https:\/\/foximo.pl\/index.php\/wp-json\/wp\/v2\/pages\/26","targetHints":{"allow":["GET"]}}],"collection":[{"href":"https:\/\/foximo.pl\/index.php\/wp-json\/wp\/v2\/pages"}],"about":[{"href":"https:\/\/foximo.pl\/index.php\/wp-json\/wp\/v2\/types\/page"}],"author":[{"embeddable":true,"href":"https:\/\/foximo.pl\/index.php\/wp-json\/wp\/v2\/users\/1"}],"replies":[{"embeddable":true,"href":"https:\/\/foximo.pl\/index.php\/wp-json\/wp\/v2\/comments?post=26"}],"version-history":[{"count":12,"href":"https:\/\/foximo.pl\/index.php\/wp-json\/wp\/v2\/pages\/26\/revisions"}],"predecessor-version":[{"id":350,"href":"https:\/\/foximo.pl\/index.php\/wp-json\/wp\/v2\/pages\/26\/revisions\/350"}],"wp:attachment":[{"href":"https:\/\/foximo.pl\/index.php\/wp-json\/wp\/v2\/media?parent=26"}],"curies":[{"name":"wp","href":"https:\/\/api.w.org\/{rel}","templated":true}]}}